n base 10, what is -275 + 4?
-271
In base 9, what is -12 - -11?
-1
In base 13, what is 35 + 64?
99
In base 11, what is -15a5 + 5?
-15a0
In base 9, what is 48 - -22?
71
In base 6, what is 22 - -452?
514
In base 16, what is -30 - 7?
-37
In base 16, what is 0 - -19?
19
In base 2, what is -10110 - 111?
-11101
In base 6, what is 250 - -3?
253
In base 13, what is 5 - 24?
-1c
In base 15, what is -1e2 + -1?
-1e3
In base 2, what is -1100 + -101011?
-110111
In base 14, what is -2 - -8a2?
8a0
In base 5, what is 3 - 1001?
-443
In base 15, what is -18 + 5?
-13
In base 15, what is 2 - -8e?
91
In base 2, what is -101101101011 - 1?
-101101101100
In base 14, what is -2 - -ac?
aa
In base 15, what is 8 - -245?
24d
In base 13, what is 2 + 489?
48b
In base 6, what is 4 + 130?
134
In base 10, what is 21 + 1353?
1374
In base 16, what is -1 + -2be?
-2bf
In base 5, what is 110 - -1?
111
In base 12, what is 34a8 + -4?
34a4
In base 13, what is -7c - -1b?
-61
In base 4, what is -2 - -13121?
13113
In base 11, what is -571 - 1?
-572
In base 10, what is -14 + 450?
436
In base 16, what is 6 + -333?
-32d
In base 16, what is 3b + 1?
3c
In base 13, what is -738 + 5?
-733
In base 10, what is 37 - -37?
74
In base 6, what is 10300 - -2?
10302
In base 3, what is 2210220 + 11?
2211001
In base 9, what is 38004 + -5?
37888
In base 5, what is -1 - 24?
-30
In base 14, what is 3 + 176d?
1772
In base 15, what is -1a - -199?
17e
In base 13, what is -165 - 0?
-165
In base 4, what is 320333 + -2?
320331
In base 15, what is -69 - 0?
-69
In base 6, what is -3 + 4331?
4324
In base 3, what is 12 - 110?
-21
In base 5, what is -114211 - 1?
-114212
In base 9, what is 5 - 283?
-277
In base 14, what is -7 + 3?
-4
In base 14, what is 1a + -1?
19
In base 9, what is -121 + 5?
-115
In base 13, what is 6737 - -5?
673c
In base 9, what is -4 + 627?
623
In base 8, what is -1 - -170?
167
In base 15, what is 3 - -c5?
c8
In base 16, what is -11 - -3?
-e
In base 12, what is -1902 + -2?
-1904
In base 8, what is 5 - -11326?
11333
In base 8, what is -57 - -7?
-50
In base 6, what is 21 - 1044?
-1023
In base 7, what is -1 - -116?
115
In base 7, what is 125060 - 3?
125054
In base 6, what is 2202 + -5?
2153
In base 12, what is 79 + 5?
82
In base 14, what is -133 - 1?
-134
In base 8, what is -5 - -363?
356
In base 2, what is 1111010111101 - 100?
1111010111001
In base 7, what is 42202 - 0?
42202
In base 5, what is 1 - -1144?
1200
In base 10, what is -9 - 1480?
-1489
In base 16, what is 88 - 12?
76
In base 7, what is -5 + -151?
-156
In base 13, what is -106 - -3?
-103
In base 10, what is -7 + -366?
-373
In base 9, what is 4 - -1234?
1238
In base 14, what is 1 + -129?
-128
In base 16, what is -117 - -3?
-114
In base 15, what is -a + 5?
-5
In base 11, what is 127 + 0?
127
In base 15, what is -5 + -4ea?
-500
In base 9, what is -5 + 3?
-2
In base 2, what is 100100001 - -1?
100100010
In base 12, what is -3 + 1835?
1832
In base 5, what is 1 - 40?
-34
In base 8, what is -2752 + -4?
-2756
In base 3, what is -21 - -1200?
1102
In base 3, what is 20010 + -22?
12211
In base 2, what is -10001110011111 - -1?
-10001110011110
In base 15, what is -29 + 1bc?
193
In base 12, what is 25 + 1?
26
In base 10, what is 2 + -130?
-128
In base 5, what is 133 - -404?
1042
In base 8, what is 0 + -6747?
-6747
In base 11, what is 4a1 + 11?
502
In base 10, what is 6 + 531?
537
In base 11, what is 19 - 4?
15
In base 7, what is 3 - 126?
-123
In base 14, what is -5 - 73?
-78
In base 3, what is 0 - -21120?
21120
In base 16, what is 5 - 11?
-c
In base 3, what is -2002 + -1000?
-10002
In base 6, what is -2523 - 5?
-2532
In base 8, what is -114 + 26?
-66
In base 3, what is 112 - -2101?
2220
In base 13, what is -2182 + -4?
-2186
In base 16, what is -1 - 3a8?
-3a9
In base 12, what is -3b55 - -1?
-3b54
In base 11, what is -1 + -151?
-152
In base 3, what is 20 - -1020020?
1020110
In base 6, what is 22 + -2?
20
In base 7, what is 32 - 132?
-100
In base 6, what is 1 + 244?
245
In base 11, what is 112 + 1?
113
In base 10, what is 94 - 0?
94
In base 7, what is -1 - -143?
142
In base 12, what is 2b04 - -5?
2b09
In base 6, what is -305 + 3?
-302
In base 11, what is 1 - -433?
434
In base 2, what is 10 + 11000010010?
11000010100
In base 16, what is 3c + -7?
35
In base 5, what is -220 - -2?
-213
In base 15, what is 30 - 8?
27
In base 13, what is 2445 - -4?
2449
In base 15, what is -8 + 1?
-7
In base 15, what is 5 + -65e?
-659
In base 7, what is 402 + -11?
361
In base 15, what is 5 - 1585?
-1580
In base 9, what is -1405 + 4?
-1401
In base 2, what is -11000 + 10010?
-110
In base 6, what is -143 + 3?
-140
In base 13, what is -3 + -46?
-49
In base 8, what is -4305 + -2?
-4307
In base 4, what is -110 - -13?
-31
In base 3, what is 100200 - 1?
100122
In base 10, what is 5 - 29?
-24
In base 14, what is 6 + 1d9?
201
In base 2, what is 11 + 1100010001?
1100010100
In base 11, what is -5 - 11a?
-124
In base 8, what is -17 - -52?
33
In base 13, what is 102 - -5?
107
In base 4, what is 20030 - -13?
20103
In base 13, what is 0 + -1116?
-1116
In base 14, what is -3 + -3bc?
-3c1
In base 4, what is -203 + 112?
-31
In base 9, what is -1273 - 2?
-1275
In base 9, what is -77 - -141?
53
In base 6, what is -2 - -10315?
10313
In base 2, what is -1 - 101?
-110
In base 9, what is -5751 - -1?
-5750
In base 16, what is 2 + -2e8?
-2e6
In base 11, what is -2 + -14?
-16
In base 10, what is -249 + -6?
-255
In base 16, what is 785a + -3?
7857
In base 6, what is 3 + -113?
-110
In base 2, what is 1000 - -1?
1001
In base 3, what is 10 + 2120010?
2120020
In base 14, what is -3 + 12a?
127
In base 2, what is 100 - 10100?
-10000
In base 8, what is -52 + -6?
-60
In base 11, what is 0 - -13a?
13a
In base 15, what is 72 - -5?
77
In base 14, what is -8 - 31?
-39
In base 8, what is -252 + 42?
-210
In base 15, what is ccc - 2?
cca
In base 15, what is -4 - 16d?
-172
In base 14, what is -537 - 2?
-539
In base 2, what is 0 - -100000?
100000
In base 11, what is -5 - -a6?
a1
In base 6, what is -114202 - -2?
-114200
In base 8, what is 3142 + -23?
3117
In base 4, what is 21 + -21?
0
In base 3, what is 1000 - -1001?
2001
In base 11, what is 5 + -660a?
-6605
In base 5, what is 3430 + 3?
3433
In base 5, what is -2 - -201300?
201243
In base 9, what is -2427 + -2?
-2430
In base 12, what is 33 - 34?
-1
In base 9, what is 4 - 114?
-110
In base 7, what is -142 + 261?
116
In base 3, what is -1202202 + 101?
-1202101
In base 5, what is 32 - -4222?
4304
In base 4, what is -1 + -20202?
-20203
In base 15, what is 4d - -2?
50
In base 5, what is -2 + -2031?
-2033
In base 13, what is 80 + -3?
7a
In base 9, what is 0 - -13?
13
In base 13, what is 40 + 4c?
8c
In base 9, what is 6 - -320?
326
In base 16, what is -3 - 4d2?
-4d5
In base 14, what is -5a + -7?
-63
In base 12, what is 13 - -148?
15b
In base 13, what is -133 - 4?
-137
In base 11, what is 4 - 88?
-84
In base 9, what is 188 - -12?
211
In base 5, what is -2 + 11?
4
In base 4, what is 3 - -1231?
1300
In base 3, what is -22 + 12200?
12101
In base 3, what is 0 + -1210121?
-1210121
In base 10, what is 0 + -90?
-90
In base 8, what is 1433 - 3?
1430
In base 3, what is -112 + -102?
-221
In base 4, what is -12 + 201320?
201302
In base 10, what is -51 + -5?
-56
In base 14, what is 0 - 6a?
-6a
In base 5, what is -2234 + 1?
-2233
In base 4, what is 100 + 101?
201
In base 2, what is -101011 + -10110?
-1000001
In base 7, what is -10 + 102?
62
In base 9, what is -13 - 134?
-147
In base 7, what is 3 - 642?
-636
In base 11, what is 4 + -205?
-201
In base 15, what is 17a - -19?
194
In base 15, what is -3 + 8e?
8b
In base 2, what is 11 - -110010?
110101
In base 9, what is 405 - -78?
484
In base 15, what is -14c + 5?
-147
In base 15, what is -2 + -509?
-50b
In base 11, what is 0 + 2621?
2621
In base 7, what is 26244 + -3?
26241
In base 8, what is -211 + 5?
-204
In base 5, what is 1 + -2042?
-2041
In base 5, what is -2244 - -22?
-2222
In base 14, what is -5d + 2?
-5b
In base 6, what is 2 + -1525?
-1523
In base 7, what is -1453 - -14?
-1436
In base 8, what is 315 + -2?
313
In base 11, what is 12 - 14?
-2
In base 15, what is 0 + -ae?
-ae
In base 8, what is 26 - -175?
223
In base 2, what is -100101101000 + 0?
-100101101000
In base 9, what is 1 - 162?
-161
In base 15, what is 19 - 1?
18
In base 10, what i